re the prime factors of 683896?
2, 85487
List the prime factors of 550416.
2, 3, 11467
List the prime factors of 48041.
7, 6863
List the prime factors of 350171.
53, 6607
What are the prime factors of 9569159?
29, 311, 1061
List the prime factors of 208501.
208501
What are the prime factors of 399112?
2, 7, 7127
What are the prime factors of 535044?
2, 3, 44587
What are the prime factors of 19209618?
2, 3, 71, 15031
List the prime factors of 16952726.
2, 7, 172987
What are the prime factors of 4818937?
23, 209519
List the prime factors of 2796345.
3, 5, 62141
What are the prime factors of 339806?
2, 71, 2393
What are the prime factors of 252158?
2, 126079
What are the prime factors of 3825481?
11, 347771
What are the prime factors of 110929?
7, 13, 23, 53
What are the prime factors of 4501410?
2, 3, 5, 227, 661
What are the prime factors of 332016?
2, 3, 6917
List the prime factors of 4873815.
3, 5, 17, 23, 277
List the prime factors of 8403.
3, 2801
List the prime factors of 56185.
5, 17, 661
What are the prime factors of 941127?
3, 11, 19, 79
List the prime factors of 529168.
2, 33073
What are the prime factors of 16242?
2, 3, 2707
What are the prime factors of 99805?
5, 19961
List the prime factors of 1568428.
2, 241, 1627
List the prime factors of 2773675.
5, 110947
What are the prime factors of 925493?
41, 22573
What are the prime factors of 7478?
2, 3739
List the prime factors of 259940.
2, 5, 41, 317
What are the prime factors of 3845615?
5, 769123
List the prime factors of 8762772.
2, 3, 61, 11971
List the prime factors of 18158558.
2, 11, 825389
List the prime factors of 5250106.
2, 547, 4799
What are the prime factors of 556001?
41, 71, 191
What are the prime factors of 1062489?
3, 354163
What are the prime factors of 392613?
3, 13, 10067
List the prime factors of 1005213.
3, 11, 83, 367
List the prime factors of 297850.
2, 5, 7, 23, 37
What are the prime factors of 38848324?
2, 9712081
What are the prime factors of 9912790?
2, 5, 43, 23053
What are the prime factors of 506229?
3, 168743
What are the prime factors of 297623?
297623
What are the prime factors of 589358?
2, 7, 11, 43, 89
List the prime factors of 9710857.
13, 746989
List the prime factors of 335824.
2, 139, 151
What are the prime factors of 662481?
3, 73609
What are the prime factors of 3213?
3, 7, 17
List the prime factors of 2471993.
2471993
List the prime factors of 25009942.
2, 1471, 8501
List the prime factors of 53814.
2, 3, 8969
What are the prime factors of 1204974?
2, 3, 66943
What are the prime factors of 11131276?
2, 13, 214063
What are the prime factors of 2515958?
2, 499, 2521
List the prime factors of 6457601.
6457601
List the prime factors of 2640949.
37, 137, 521
What are the prime factors of 63032?
2, 7879
What are the prime factors of 393985?
5, 78797
List the prime factors of 9278984.
2, 11, 13, 8111
List the prime factors of 4151360.
2, 5, 12973
What are the prime factors of 483004?
2, 17, 7103
List the prime factors of 2077215.
3, 5, 7, 73, 271
What are the prime factors of 1978865?
5, 7, 41, 197
List the prime factors of 300660.
2, 3, 5, 5011
List the prime factors of 1409417.
23, 233, 263
What are the prime factors of 246888?
2, 3, 127
What are the prime factors of 822550?
2, 5, 16451
List the prime factors of 1465588.
2, 366397
List the prime factors of 12972199.
61, 109, 1951
What are the prime factors of 109775?
5, 4391
What are the prime factors of 12233988?
2, 3, 13, 26141
List the prime factors of 42252579.
3, 521, 9011
What are the prime factors of 382295?
5, 157, 487
List the prime factors of 1980228.
2, 3, 17, 571
List the prime factors of 241425.
3, 5, 29, 37
List the prime factors of 55403.
17, 3259
What are the prime factors of 3764161?
421, 8941
What are the prime factors of 94405?
5, 79, 239
List the prime factors of 11586107.
13, 891239
What are the prime factors of 7100457?
3, 7, 13, 31, 839
List the prime factors of 297967.
297967
What are the prime factors of 8355998?
2, 7, 596857
What are the prime factors of 21148777?
13, 1626829
What are the prime factors of 68775?
3, 5, 7, 131
List the prime factors of 73842.
2, 3, 31, 397
List the prime factors of 4517103.
3, 31, 48571
List the prime factors of 9427559.
397, 23747
List the prime factors of 4725448.
2, 7, 13, 6491
List the prime factors of 4694821.
4694821
What are the prime factors of 335159?
11, 30469
List the prime factors of 3222528.
2, 3, 1049
What are the prime factors of 785709?
3, 67, 1303
List the prime factors of 14728513.
181, 81373
What are the prime factors of 2489123?
7, 13, 17, 1609
List the prime factors of 949900.
2, 5, 7, 23, 59
What are the prime factors of 1546260?
2, 3, 5, 25771
What are the prime factors of 1281979?
1281979
What are the prime factors of 193459?
7, 29, 953
List the prime factors of 974563.
974563
List the prime factors of 36639253.
7, 23, 89, 2557
What are the prime factors of 1376504?
2, 23, 7481
What are the prime factors of 2879369?
331, 8699
List the prime factors of 8931854.
2, 1531, 2917
List the prime factors of 2827740.
2, 3, 5, 47129
List the prime factors of 243048.
2, 3, 13, 19, 41
List the prime factors of 1450132.
2, 43, 8431
What are the prime factors of 2627748?
2, 3, 29, 839
What are the prime factors of 5076882?
2, 3, 23, 12263
What are the prime factors of 47241?
3, 29, 181
What are the prime factors of 1818474?
2, 3, 7, 29, 1493
List the prime factors of 21051421.
21051421
List the prime factors of 3861945.
3, 5, 28607
List the prime factors of 2748744.
2, 3, 38177
List the prime factors of 213746.
2, 13, 8221
What are the prime factors of 2728061?
7, 389723
What are the prime factors of 4960537?
29, 171053
What are the prime factors of 563504?
2, 41, 859
List the prime factors of 3421394.
2, 1710697
What are the prime factors of 370966?
2, 185483
What are the prime factors of 14421959?
14421959
List the prime factors of 4768106.
2, 7, 340579
List the prime factors of 6832545.
3, 5, 29, 113, 139
What are the prime factors of 1031888?
2, 11, 13, 41
List the prime factors of 5117398.
2, 11, 13, 29, 617
List the prime factors of 282146.
2, 141073
List the prime factors of 2828840.
2, 5, 7, 10103
List the prime factors of 15631460.
2, 5, 13, 59, 1019
What are the prime factors of 176622?
2, 3, 29437
What are the prime factors of 99600?
2, 3, 5, 83
List the prime factors of 16386898.
2, 11, 744859
List the prime factors of 5384193.
3, 1794731
List the prime factors of 1127404.
2, 29, 9719
List the prime factors of 9528.
2, 3, 397
List the prime factors of 189660.
2, 3, 5, 29, 109
List the prime factors of 11113986.
2, 3, 13, 37, 3851
What are the prime factors of 8473865?
5, 47, 107, 337
What are the prime factors of 3987883?
113, 35291
List the prime factors of 1217555.
5, 101, 2411
List the prime factors of 25926000.
2, 3, 5, 29, 149
List the prime factors of 3053045.
5, 137, 4457
List the prime factors of 401815.
5, 80363
What are the prime factors of 1626952?
2, 47, 4327
List the prime factors of 1136762.
2, 11, 163, 317
What are the prime factors of 329098?
2, 7, 11, 2137
What are the prime factors of 63317?
63317
List the prime factors of 554735.
5, 110947
What are the prime factors of 18388878?
2, 3, 829, 3697
List the prime factors of 3992190.
2, 3, 5, 133073
What are the prime factors of 55965?
3, 5, 7, 13, 41
List the prime factors of 166887.
3, 7, 883
List the prime factors of 3094889.
7, 1289
What are the prime factors of 22017366?
2, 3, 7, 53, 157
What are the prime factors of 966478?
2, 483239
List the prime factors of 4388613.
3, 1462871
List the prime factors of 1507017.
3, 502339
What are the prime factors of 29446479?
3, 1049, 3119
List the prime factors of 2694266.
2, 23, 37, 1583
List the prime factors of 1456012.
2, 347, 1049
List the prime factors of 635369.
7, 139, 653
What are the prime factors of 3636825?
3, 5, 48491
What are the prime factors of 339700?
2, 5, 43, 79
What are the prime factors of 998580?
2, 3, 5, 11, 17, 89
What are the prime factors of 3147095?
5, 7, 89917
What are the prime factors of 56924?
2, 7, 19, 107
List the prime factors of 556321.
556321
List the prime factors of 16879994.
2, 43, 196279
What are the prime factors of 613190?
2, 5, 17, 3607
List the prime factors of 103